
What are the prime factors of 1404?
2, 3, 13
List the prime factors of 16649.
16649
List the prime factors of 1853.
17, 109
List the prime factors of 12301.
12301
List the prime factors of 65452.
2, 16363
List the prime factors of 172.
2, 43
What are the prime factors of 1007?
19, 53
What are the prime factors of 17291?
17291
What are the prime factors of 5395?
5, 13, 83
List the prime factors of 12751.
41, 311
What are the prime factors of 769?
769
What are the prime factors of 4931?
4931
List the prime factors of 6157.
47, 131
What are the prime factors of 4027?
4027
List the prime factors of 28834.
2, 13, 1109
What are the prime factors of 1102?
2, 19, 29
What are the prime factors of 332?
2, 83
List the prime factors of 13480.
2, 5, 337
List the prime factors of 15594.
2, 3, 23, 113
List the prime factors of 48358.
2, 24179
List the prime factors of 99211.
7, 14173
List the prime factors of 294.
2, 3, 7
What are the prime factors of 5046?
2, 3, 29
List the prime factors of 844.
2, 211
What are the prime factors of 14892?
2, 3, 17, 73
What are the prime factors of 1728?
2, 3
What are the prime factors of 5291?
11, 13, 37
What are the prime factors of 31957?
31957
What are the prime factors of 12250?
2, 5, 7
List the prime factors of 2244.
2, 3, 11, 17
What are the prime factors of 2509?
13, 193
List the prime factors of 33625.
5, 269
What are the prime factors of 28003?
41, 683
List the prime factors of 1105.
5, 13, 17
What are the prime factors of 330?
2, 3, 5, 11
List the prime factors of 2961.
3, 7, 47
What are the prime factors of 539?
7, 11
List the prime factors of 1533.
3, 7, 73
List the prime factors of 74991.
3, 7, 3571
What are the prime factors of 15522?
2, 3, 13, 199
What are the prime factors of 56756?
2, 7, 2027
What are the prime factors of 2158?
2, 13, 83
What are the prime factors of 791?
7, 113
What are the prime factors of 115398?
2, 3, 2137
What are the prime factors of 13587?
3, 7, 647
List the prime factors of 158.
2, 79
List the prime factors of 145453.
7, 11, 1889
What are the prime factors of 2028?
2, 3, 13
What are the prime factors of 610?
2, 5, 61
What are the prime factors of 178?
2, 89
List the prime factors of 8143.
17, 479
List the prime factors of 103.
103
What are the prime factors of 1466?
2, 733
What are the prime factors of 80851?
233, 347
What are the prime factors of 3021?
3, 19, 53
List the prime factors of 164067.
3, 17, 3217
List the prime factors of 4317.
3, 1439
What are the prime factors of 39177?
3, 1451
List the prime factors of 9753.
3, 3251
What are the prime factors of 33056?
2, 1033
What are the prime factors of 37138?
2, 31, 599
List the prime factors of 423.
3, 47
List the prime factors of 26780.
2, 5, 13, 103
List the prime factors of 35093.
19, 1847
List the prime factors of 2288.
2, 11, 13
What are the prime factors of 709?
709
What are the prime factors of 2242?
2, 19, 59
List the prime factors of 29032.
2, 19, 191
What are the prime factors of 5328?
2, 3, 37
List the prime factors of 1669.
1669
What are the prime factors of 8613?
3, 11, 29
What are the prime factors of 383?
383
List the prime factors of 116227.
71, 1637
List the prime factors of 159836.
2, 31, 1289
List the prime factors of 7389.
3, 821
What are the prime factors of 25501?
7, 3643
What are the prime factors of 33697?
31, 1087
What are the prime factors of 4520?
2, 5, 113
List the prime factors of 654.
2, 3, 109
What are the prime factors of 18190?
2, 5, 17, 107
What are the prime factors of 31391?
31391
What are the prime factors of 115830?
2, 3, 5, 11, 13
List the prime factors of 8286.
2, 3, 1381
List the prime factors of 29317.
19, 1543
What are the prime factors of 5454?
2, 3, 101
List the prime factors of 26089.
7, 3727
List the prime factors of 10600.
2, 5, 53
List the prime factors of 10480.
2, 5, 131
List the prime factors of 32277.
3, 7, 29, 53
What are the prime factors of 48?
2, 3
List the prime factors of 3069.
3, 11, 31
What are the prime factors of 17727?
3, 19, 311
List the prime factors of 42388.
2, 10597
What are the prime factors of 2012?
2, 503
List the prime factors of 407.
11, 37
What are the prime factors of 30608?
2, 1913
List the prime factors of 2781.
3, 103
List the prime factors of 2038.
2, 1019
What are the prime factors of 1897?
7, 271
What are the prime factors of 114748?
2, 28687
List the prime factors of 91841.
91841
List the prime factors of 5645.
5, 1129
List the prime factors of 129493.
7, 13, 1423
List the prime factors of 31833.
3, 131
What are the prime factors of 769?
769
What are the prime factors of 1129?
1129
What are the prime factors of 11724?
2, 3, 977
What are the prime factors of 58908?
2, 3, 4909
List the prime factors of 13765.
5, 2753
List the prime factors of 10064.
2, 17, 37
List the prime factors of 2960.
2, 5, 37
List the prime factors of 3569.
43, 83
List the prime factors of 4262.
2, 2131
List the prime factors of 80577.
3, 7, 1279
What are the prime factors of 776?
2, 97
What are the prime factors of 562?
2, 281
What are the prime factors of 540?
2, 3, 5
What are the prime factors of 47527?
47527
What are the prime factors of 8792?
2, 7, 157
What are the prime factors of 29786?
2, 53, 281
What are the prime factors of 112362?
2, 3, 61, 307
List the prime factors of 3863.
3863
What are the prime factors of 841?
29
List the prime factors of 674.
2, 337
List the prime factors of 3733.
3733
List the prime factors of 8635.
5, 11, 157
List the prime factors of 661.
661
List the prime factors of 5798.
2, 13, 223
List the prime factors of 36928.
2, 577
List the prime factors of 4365.
3, 5, 97
What are the prime factors of 150?
2, 3, 5
List the prime factors of 95.
5, 19
List the prime factors of 29759.
29759
List the prime factors of 73123.
83, 881
What are the prime factors of 47153?
61, 773
What are the prime factors of 1803?
3, 601
What are the prime factors of 9855?
3, 5, 73
What are the prime factors of 5811?
3, 13, 149
List the prime factors of 6813.
3, 757
What are the prime factors of 11956?
2, 7, 61
List the prime factors of 12227.
12227
List the prime factors of 18125.
5, 29
What are the prime factors of 1753?
1753
What are the prime factors of 55658?
2, 17, 1637
List the prime factors of 62986.
2, 7, 11, 409
What are the prime factors of 2649?
3, 883
List the prime factors of 6842.
2, 11, 311
What are the prime factors of 81123?
3, 7, 3863
List the prime factors of 1167.
3, 389
List the prime factors of 4656.
2, 3, 97
List the prime factors of 1365.
3, 5, 7, 13
What are the prime factors of 467?
467
What are the prime factors of 11709?
3, 1301
What are the prime factors of 18775?
5, 751
List the prime factors of 35772.
2, 3, 11, 271
List the prime factors of 22266.
2, 3, 1237
List the prime factors of 1142.
2, 571
List the prime factors of 2052.
2, 3, 19
List the prime factors of 57642.
2, 3, 13, 739
What are the prime factors of 400?
2, 5
What are the prime factors of 2073?
3, 691
List the prime factors of 118196.
2, 13, 2273
What are the prime factors of 4685?
5, 937
What are the prime factors of 4502?
2, 2251
List the prime factors of 55966.
2, 27983
What are the prime factors of 1090?
2, 5, 109
What are the prime factors of 4597?
4597
List the prime factors of 30396.
2, 3, 17, 149
List the prime factors of 35506.
2, 41, 433
What are the prime factors of 912?
2, 3, 19
List the prime factors of 1728.
2, 3
List the prime factors of 1615.
5, 17, 19
What are the prime factors of 1207?
17, 71
List the prime factors of 4547.
4547
What are the prime factors of 167158?
2, 83579
List the prime factors of 54891.
3, 19, 107
What are the prime factors of 16977?
3, 5659
List the prime factors of 3145.
5, 17, 37
What are the prime factors of 10005?
3, 5, 23, 29
What are the prime factors of 8115?
3, 5, 541
What are the prime factors of 4328?
2, 541
List the prime factors of 23921.
19, 1259
List the prime factors of 763.
7, 109
What are the prime factors of 1923?
3, 641
What are the prime factors of 3445?
5, 13, 53
What are the prime factors of 19127?
31, 617
List the prime factors of 98934.
2, 3, 11, 1499
What are the prime factors of 14594?
2, 7297
List the prime factors of 2654.
2, 1327
List the prime factors of 1309.
7, 11, 17
What are the prime factors of 143